{"id":16648,"date":"2024-09-18T01:32:35","date_gmt":"2024-09-18T01:32:35","guid":{"rendered":"https:\/\/zagg.bzotech.com\/?post_type=product&#038;p=16648"},"modified":"2025-12-02T17:54:33","modified_gmt":"2025-12-02T16:54:33","slug":"audifonos-bluetooth-airbone","status":"publish","type":"product","link":"https:\/\/solocosas.com\/webn\/product\/audifonos-bluetooth-airbone\/","title":{"rendered":"Aud\u00edfonos Bluetooth Airbone"},"content":{"rendered":"","protected":false},"excerpt":{"rendered":"<p class=\"prodRef textoColor\">TE-436<\/p>\n<p class=\"prodDescr\">Auriculares pl\u00e1sticos Bluetooth de conducci\u00f3n \u00f3sea, que utiliza tecnolog\u00eda de conducci\u00f3n de las vibraciones del sonido, sin invasi\u00f3n intraauricular. Bater\u00eda de larga duraci\u00f3n, soporte para Bluetooth 5.2, TWS. Capacidad de la bater\u00eda: 150mAh. Tiempo de trabajo: 10h aprox. Versi\u00f3n de Bluetooth: V5.0. L\u00ednea de transmisi\u00f3n:&gt; 10 M. Funciona como manos libres. Empaque caja individual.<br \/>\nMedidas: 10 cm x 12 cm<br \/>\nMarca: 1.5 cm \/ Tampograf\u00eda<\/p>\n<p><a href=\"https:\/\/www.catalogospromocionales.com\/documents\/FICHAS\/TE-436.pdf\" target=\"_blank\" rel=\"noopener\">Ficha T\u00e9cnica<\/a><\/p>\n<div class=\"tableEmbalaje\">\n<table class=\"table-list\" width=\"90%\">\n<tbody>\n<tr>\n<td valign=\"top\">Unidades por Caja:<\/td>\n<td valign=\"top\">100\u00a0\u00a0\u00a0Unidades<\/td>\n<\/tr>\n<tr>\n<td valign=\"top\">Empaque:<\/td>\n<td valign=\"top\">33,2\u00a0\u00a0\u00a0\u00a0X\u00a051,2\u00a0X\u00a025,5\u00a0\/\u00a06,5 Kg<\/td>\n<\/tr>\n<\/tbody>\n<\/table>\n<\/div>\n","protected":false},"featured_media":21978,"comment_status":"open","ping_status":"closed","template":"","meta":[],"product_brand":[],"product_cat":[66],"product_tag":[],"class_list":{"0":"post-16648","1":"product","2":"type-product","3":"status-publish","4":"has-post-thumbnail","6":"product_cat-audifonos","8":"first","9":"instock","10":"taxable","11":"shipping-taxable","12":"purchasable","13":"product-type-simple"},"aioseo_notices":[],"_links":{"self":[{"href":"https:\/\/solocosas.com\/webn\/wp-json\/wp\/v2\/product\/16648","targetHints":{"allow":["GET"]}}],"collection":[{"href":"https:\/\/solocosas.com\/webn\/wp-json\/wp\/v2\/product"}],"about":[{"href":"https:\/\/solocosas.com\/webn\/wp-json\/wp\/v2\/types\/product"}],"replies":[{"embeddable":true,"href":"https:\/\/solocosas.com\/webn\/wp-json\/wp\/v2\/comments?post=16648"}],"version-history":[{"count":0,"href":"https:\/\/solocosas.com\/webn\/wp-json\/wp\/v2\/product\/16648\/revisions"}],"wp:featuredmedia":[{"embeddable":true,"href":"https:\/\/solocosas.com\/webn\/wp-json\/wp\/v2\/media\/21978"}],"wp:attachment":[{"href":"https:\/\/solocosas.com\/webn\/wp-json\/wp\/v2\/media?parent=16648"}],"wp:term":[{"taxonomy":"product_brand","embeddable":true,"href":"https:\/\/solocosas.com\/webn\/wp-json\/wp\/v2\/product_brand?post=16648"},{"taxonomy":"product_cat","embeddable":true,"href":"https:\/\/solocosas.com\/webn\/wp-json\/wp\/v2\/product_cat?post=16648"},{"taxonomy":"product_tag","embeddable":true,"href":"https:\/\/solocosas.com\/webn\/wp-json\/wp\/v2\/product_tag?post=16648"}],"curies":[{"name":"wp","href":"https:\/\/api.w.org\/{rel}","templated":true}]}}